- 10*y - 26. Calculate p(-6).
-2
Let z(m) = -m**3 + 11*m**2 - 26*m + 4. Determine z(7).
18
Let u(t) = t. Determine u(6).
6
Let m(i) = 14*i + 5. Determine m(-4).
-51
Let l(v) = -3*v + 54. What is l(19)?
-3
Let d(b) = -2*b**3 + 16*b**2 - 11*b - 16. Determine d(7).
5
Let d(s) = -s**2 - s - 19. Give d(0).
-19
Let r(t) = -3*t**3 - 18*t**2 - 16*t - 3. What is r(-5)?
2
Let q(j) = -j**3 + 7*j**2 - 13*j + 18. Calculate q(6).
-24
Let p(b) = -b**3 - 49*b**2 - 91*b + 139. Determine p(-47).
-2
Let x(s) = -7*s**3 - 2*s**2 + 3*s + 2. What is x(-2)?
44
Let p(s) = 4*s**3 + s**2. What is p(-1)?
-3
Let t(r) = 8*r**3 - 2*r**2 + 2*r - 2. Give t(1).
6
Let c(s) = s**3 - 26*s**2 + 69*s + 8. Calculate c(23).
8
Let g(q) = -4*q - 25. What is g(11)?
-69
Let p(q) = -4*q**2 + 3*q - 14. Determine p(-4).
-90
Let g(l) = 21*l**2 + 3*l - 2. Calculate g(1).
22
Let m(l) = -3*l**2 - 16*l + 21. Calculate m(-9).
-78
Let a(s) = 39*s - 12. Calculate a(2).
66
Let r(j) = 13*j + 37. Calculate r(-11).
-106
Let n(p) = -p**2 + 18*p - 12. What is n(17)?
5
Let n(v) = -v**3 - 8*v**2 - 9*v + 25. Determine n(-6).
7
Let k(r) = -13*r**3 + r**2 - r + 1. Calculate k(1).
-12
Let a(o) = 11*o - 7. Calculate a(-3).
-40
Let u(z) = 5*z + 10. Calculate u(-3).
-5
Let a(f) = f**2 - 6*f + 4. Give a(4).
-4
Let g(z) = 3*z + 48. What is g(-17)?
-3
Let j(q) = 2*q**2 - q + 7. What is j(2)?
13
Let t(w) = 4*w**2 - 9. What is t(-4)?
55
Let k(p) = -5*p**2 - 121*p - 121. Determine k(-1).
-5
Let l(v) = -7*v**2 + 38*v + 6. Give l(6).
-18
Let l(s) = -s**3 + 12*s**2 - 11*s - 5. What is l(11)?
-5
Let i(w) = -12*w - 122. Determine i(-10).
-2
Let w(s) = -2*s**3 - 17*s**2 - 13*s - 17. Give w(-8).
23
Let p(n) = -3*n + 26. Determine p(10).
-4
Let i(d) = -5*d**3 + d**2 + d + 1. What is i(-2)?
43
Let z(u) = 9*u**2 - 2*u - 3. What is z(-1)?
8
Let y(z) = -13*z + 462. Calculate y(36).
-6
Let w(q) = -4*q**3 + 6*q**2 + 2*q - 8. Determine w(2).
-12
Let q(j) = j**2 - 6*j + 8. Give q(7).
15
Let k(s) = s**3 + 41*s**2 - s - 39. Give k(-41).
2
Let u(o) = o**3 + 7*o**2 - 8*o - 1. Calculate u(-8).
-1
Let z(h) = 2*h + 17. Calculate z(-9).
-1
Let k(o) = -2*o**3 + 6*o**2 - 3*o + 1. What is k(3)?
-8
Let r(v) = -v**3 - v**2 - v. Calculate r(0).
0
Let v(a) = -78*a + 24. Determine v(1).
-54
Let f(t) = 3*t**2 + t + 2. Give f(-2).
12
Let j(r) = 2*r**3 - 45*r**2 - 23*r + 23. Calculate j(23).
23
Let j(f) = -f**3 - 4*f**2 + 6*f - 4. Determine j(-5).
-9
Let x(n) = -n**3 - 27*n**2 + n + 37. Give x(-27).
10
Let y(w) = 13*w + 20. What is y(-2)?
-6
Let f(h) = 2*h - 16. Calculate f(10).
4
Let s(w) = w**3 - 2*w**2 + 1. Give s(1).
0
Let u(r) = -r**2 + 23*r + 289. Determine u(32).
1
Let a(h) = -5*h + 52. What is a(13)?
-13
Let o(g) = g**3 + 12*g**2 + 7*g - 14. Determine o(-11).
30
Let q(j) = -j**3 - 6*j**2 - 5*j + 1. Give q(-5).
1
Let n(i) = 6*i. Give n(1).
6
Let n(r) = -r**3 + 12*r**2 + 9. Determine n(12).
9
Let m(p) = -p + 14. What is m(20)?
-6
Let t(n) = n + 10. Determine t(-12).
-2
Let z(h) = 2*h**3 + h**2 - 1. Calculate z(-2).
-13
Let x(g) = g**3 + 5*g**2 - 2*g + 4. Give x(-5).
14
Let b(j) = -3*j**3 - 4*j**2 + 21. Give b(-3).
66
Let o(n) = -n + 12. What is o(5)?
7
Let b(w) = w**2 + 4*w - 8. Determine b(-5).
-3
Let j(y) = 4*y**3 + 5*y**2 + 10*y + 8. Give j(-2).
-24
Let r(v) = -4*v**2 - 31*v + 3. Give r(-8).
-5
Let f(m) = -m**3 - 4*m**2 - 6*m - 1. Calculate f(-5).
54
Let h(w) = -w**3 - w**2 - 13*w - 27. Determine h(-2).
3
Let s(h) = 6*h + 4. What is s(2)?
16
Let c(i) = 6*i + 18. Calculate c(-5).
-12
Let x(d) = -d**3 + 20*d**2 + 47*d - 73. Determine x(22).
-7
Let s(g) = -g**3 - 10*g**2 + 8*g - 24. What is s(-11)?
9
Let s(c) = 2*c**2 - 5*c + 5. Determine s(3).
8
Let o(n) = -n**2 - 8*n - 15. Determine o(-5).
0
Let q(y) = -2*y - 1. Give q(-5).
9
Let f(u) = u + 16. Give f(-10).
6
Let d(u) = 4*u**2 + 54*u + 12. Determine d(-14).
40
Let v(c) = 2*c + 29. Give v(-19).
-9
Let q(f) = 42*f - 19. Calculate q(1).
23
Let f(k) = -4*k**3 - k**2 - k. What is f(1)?
-6
Let x(f) = 3*f**2 + 29*f - 8. Give x(-10).
2
Let o(u) = -u**3 + 6*u**2 + 5*u + 5. Determine o(7).
-9
Let p(q) = 32*q - 4. Calculate p(1).
28
Let l(y) = 4*y - 3. Give l(-1).
-7
Let d(h) = -3*h**2 + 34*h + 30. Give d(15).
-135
Let i(t) = -332*t - 1986. What is i(-6)?
6
Let p(z) = -z + 15. Determine p(-25).
40
Let k(s) = 26*s + 285. Determine k(-11).
-1
Let a(t) = t**3 - 19*t**2 - 22*t + 55. Determine a(20).
15
Let i(z) = 11*z - 240. Give i(21).
-9
Let q(d) = -d**2 - 5*d + 33. What is q(5)?
-17
Let c(h) = 2*h + 10. Determine c(11).
32
Let r(j) = 14*j + 1. Calculate r(1).
15
Let l(h) = -h - 26. Give l(6).
-32
Let j(f) = 4*f - 24. What is j(8)?
8
Let o(d) = 4*d**2 - 3. Determine o(2).
13
Let u(z) = -z**2 - 16*z + 7. Determine u(-17).
-10
Let g(z) = 9*z + 59. Determine g(-7).
-4
Let g(f) = f**2 + 33*f - 19. Give g(-33).
-19
Let p(t) = -t**2 - 8*t - 12. Determine p(-8).
-12
Let t(j) = -j**3 - j**2 + 4*j - 2. Determine t(2).
-6
Let v(p) = p**2 + 27*p + 23. What is v(-26)?
-3
Let c(s) = -9*s**2 + 13*s - 4. Give c(2).
-14
Let o(f) = 8*f**2 + 5*f + 1. What is o(-2)?
23
Let g(d) = -d**3 - 10*d**2 - 4*d - 7. Calculate g(-10).
33
Let m(b) = b**3 - 7*b**2 - 15*b - 17. Determine m(9).
10
Let u(d) = -37*d + 1. What is u(1)?
-36
Let m(f) = -23*f + 4. Give m(0).
4
Let c(z) = -30*z - 47. Calculate c(-2).
13
Let v(p) = -9*p - 5. What is v(3)?
-32
Let y(z) = -z**3 + 25*z**2 - 47*z + 21. What is y(23)?
-2
Let i(g) = g**3 + 7*g**2 + 10*g - 9. Give i(-5).
-9
Let c(w) = w**2 + 9*w - 24. Give c(-11).
-2
Let h(g) = -g**3 + 3*g**2 + 10*g + 10. Give h(5).
10
Let p(y) = y**3 - 4*y**2 + 6. What is p(3)?
-3
Let j(b) = b**3 + 8*b**2 + 7*b + 8. Determine j(-7).
8
Let x(z) = -z**3 - 30*z**2 - 82*z - 30. What is x(-27)?
-3
Let l(b) = b**3 - 19*b**2 + 21*b - 8. Determine l(18).
46
Let p(v) = -v**2 + 16. What is p(-5)?
-9
Let k(w) = w**2 - 10*w + 17. Calculate k(3).
-4
Let d(q) = -4*q - 42. Give d(-15).
18
Let g(b) = b**3 + 5*b**2 - 2*b - 10. Give g(-4).
14
Let i(b) = -b**3 - 7*b**2 - 8*b - 7. What is i(-4)?
-23
Let r(c) = -c**2 + 5. Determine r(0).
5
Let x(b) = b**3 + 2*b**2 + 5*b + 13. What is x(-3)?
-11
Let z(a) = 3*a**2 - 6*a - 16. Determine z(4).
8
Let v(d) = -d**2 - 11*d - 2. Determine v(-12).
-14
Let m(t) = -28*t + 105. Give m(4).
-7
Let f(o) = -11*o + 7. Calculate f(2).
-15
Let q(o) = -8*o + 1. Give q(-1).
9
Let k(l) = 4*l - 36. Calculate k(10).
4
Let g(w) = 10*w + 4. What is g(-4)?
-36
Let s(z) = z**3 - 2*z**2 - z + 1. Determine s(-2).
-13
Let v(r) = -r**3 - 8*r**2 - 12*r + 1. What is v(-3)?
-8
Let w(q) = -q**2 - 15. Calculate w(-8).
-79
Let o(w) = 2*w**3 - 15*w**2 + 19*w - 8. Calculate o(6).
-2
Let g(f) = 3*f**2 - 1. What is g(2)?
11
Let o(x) = -x**2 - 4*x - 12. Give o(-3).
-9
Let b(j) = 33*j**3 + 6*j**2 - 10*j + 2. Give b(1).
31
Let u(x) = -2*x**2. Calculate u(1).
-2
Let h(s) = -s**3 - 2*s**2 - 11*s - 7. Calculate h(-4).
69
Let a(w) = -w**3 + 5*w**2 + 10*w - 23. Determine a(6).
1
Let j(k) = -k**2 + 12*k + 23. Determine j(15).
-22
Let p(t) = 7*t + 1. What is p(-4)?
-27
Let u(v) = v**2 + 3*v + 13. Determine u(-5).
23
Let d(t) = -t**3 - 5*t**2 - 20. Give d(-5).
-20
Let f(i) = 21*i - 29. Give f(3).
34
Let k(z) = z**3 - 6*z**2 - 7*z + 4. Give k(7).
4
Let w(r) = -r**2 + 2*r + 3. Give w(3).
0
Let u(x) = x**3 - 7*x**2 - 6*x + 23. Determine u(7).
-19
Let i(x) = x**2 + 4*x + 12. Calculate i(7).
89
Let o(v) = 6*v + 7. Give o(2).
19
Let b(j) = 5*j - 100. Give b(23).
15
Let a(n) = 9*n - 1. Determine a(1).
8
Let v(z) = -z**3 + 8*z**2 + 9*z - 4. What is v(9)?
-4
Let a(b) = -b**3 + 19*b**2 + 14*b + 87. Determine a(20).
-33
Let w(u) = 9*u - 5. Give w(2).
13
Let b(s) = s**3 - 7*s**2 + 7*s - 4. Calculate b(7).
45
Let l(c) = 4*c - 15. Give l(5).
5
Let n(g) = g**3 + 24. Calculate n(0).
24
Let o(k) = k + 4. Calculate o(-10).
-6
Let q(s) = 62*s. Determine q(-1).
-62
Let b(y) = -18*y - 82. Calculate b(-4).
-10
Let m(r) = 5*r**3 + 5*r**2 + 4*r - 1. Give m(-1).
-5
Let p(q) = -q**2 + 7*q + 22. Give p(7).
22
Let k(u) = -u**2 + 4*u + 27. Give k(8).
-5
Let u(k) = 11*k + 86. Determine u(-10).
-24
Let j(a) = a**3 - a**2 - 14*a + 2. Give j(4).
-6
Let j(z) = z**3 + 10*z**2 + 25*z + 79. Give j(-8).
7
Let m(l) = -l**2 + 9*l + 28. What is m(-3)?
-8
Let o(a) = -25*a + 9. Calculate o(2).
-41
Let x(b) = -b**3 - 5*b**2 + 8*b + 9. Give x(-6).
-3
Let i(t) = -4*t + 29. Give i(7).
1